 factor of 1279635?
True
Is 3986645 a multiple of 13?
True
Is 279140 a multiple of 17?
True
Is 1165472 a multiple of 616?
True
Is 129 a factor of 336432?
True
Is 131 a factor of 816088?
False
Does 503 divide 76648?
False
Does 192 divide 2543616?
True
Is 5025514 a multiple of 743?
False
Does 21 divide 44008?
False
Does 270 divide 270000?
True
Is 10 a factor of 884690?
True
Does 45 divide 8987002?
False
Is 1916676 a multiple of 214?
False
Does 35 divide 361935?
True
Is 2849958 a multiple of 38?
False
Is 300086 a multiple of 104?
False
Does 62 divide 550436?
True
Is 4987199 a multiple of 41?
True
Is 103 a factor of 74400?
False
Is 16 a factor of 365201?
False
Is 10461916 a multiple of 104?
False
Is 27890 even?
True
Is 289354 a multiple of 13?
True
Does 39 divide 1646502?
True
Is 126406 a multiple of 14?
True
Is 4 a factor of 8892?
True
Is 221 a factor of 619021?
True
Is 418 a factor of 288838?
True
Is 273885 a multiple of 39?
False
Does 20 divide 163920?
True
Does 210 divide 8935920?
True
Does 4 divide 9582173?
False
Does 112 divide 3050489?
False
Is 747675 a multiple of 45?
True
Is 496314 a multiple of 63?
True
Does 555 divide 1375845?
True
Is 2 a factor of 7121?
False
Is 44 a factor of 1508628?
True
Is 190388 a multiple of 20?
False
Is 37 a factor of 96944?
False
Does 101 divide 119922?
False
Is 75085 a multiple of 435?
False
Does 10 divide 1477009?
False
Does 314 divide 1106618?
False
Does 200 divide 1268800?
True
Is 298 a factor of 4647310?
True
Is 163379 a multiple of 8?
False
Is 32336 a multiple of 172?
True
Is 362 a factor of 9402226?
True
Is 342243 a multiple of 33?
True
Is 281916 a multiple of 228?
False
Does 40 divide 39208?
False
Is 153937 a multiple of 297?
False
Does 73 divide 636049?
True
Does 45 divide 11743785?
True
Does 1076 divide 13875265?
False
Is 39 a factor of 252876?
True
Is 4755604 a multiple of 7?
True
Is 487123 a multiple of 101?
True
Does 406 divide 599256?
True
Is 635 a factor of 11165840?
True
Is 1252 a factor of 4579816?
True
Does 298 divide 457423?
False
Is 30 a factor of 594819?
False
Is 798840 a multiple of 42?
True
Is 2428008 a multiple of 88?
True
Does 46 divide 31877?
False
Is 1058112 even?
True
Is 975212 a multiple of 173?
False
Is 83 a factor of 7517465?
False
Is 455731 a multiple of 194?
False
Is 644211 a multiple of 31?
True
Does 65 divide 1123645?
False
Does 20 divide 342221?
False
Does 265 divide 18312410?
False
Is 8105250 a multiple of 202?
True
Is 320242 a multiple of 109?
True
Is 84377 a multiple of 11?
False
Does 61 divide 98578?
False
Does 36 divide 655524?
True
Is 13557 a multiple of 129?
False
Is 3622680 a multiple of 398?
False
Is 84 a factor of 1227240?
True
Is 296497 a multiple of 163?
True
Is 315 a factor of 116044?
False
Does 13 divide 73250?
False
Does 8 divide 4169666?
False
Is 258782 a multiple of 8?
False
Is 259342 a multiple of 239?
False
Is 469974 a multiple of 120?
False
Is 15 a factor of 23614915?
False
Is 13153111 a multiple of 22?
False
Is 637 a factor of 2488759?
True
Does 42 divide 2254609?
False
Is 92 a factor of 335892?
True
Does 477 divide 835976?
False
Is 128244 a multiple of 97?
False
Is 30 a factor of 53760?
True
Does 15 divide 1175700?
True
Does 106 divide 1786888?
False
Does 64 divide 97792?
True
Is 8 a factor of 31271?
False
Is 503796 a multiple of 57?
False
Is 41934 a multiple of 87?
True
Is 574 a factor of 238210?
True
Is 3869 a multiple of 14?
False
Is 30393 a multiple of 4?
False
Does 2 divide 286277?
False
Is 92528 a multiple of 16?
True
Does 14 divide 3828958?
True
Does 15 divide 1594000?
False
Does 6 divide 2040906?
True
Does 39 divide 1125657?
True
Is 418 a factor of 190435?
False
Is 473000 a multiple of 860?
True
Is 127 a factor of 1877849?
False
Is 78 a factor of 557103?
False
Is 104 a factor of 12142291?
False
Is 115 a factor of 12226998?
False
Is 114436 a multiple of 244?
True
Is 194147 a multiple of 10?
False
Is 124577 a multiple of 201?
False
Does 6 divide 146442?
True
Is 70 a factor of 2181270?
True
Does 34 divide 302523?
False
Does 30 divide 2275979?
False
Is 233 a factor of 580673?
False
Is 3689958 a multiple of 427?
False
Is 1378268 a multiple of 27?
False
Is 40 a factor of 4865640?
True
Is 314328 a multiple of 84?
True
Is 8291 a multiple of 73?
False
Is 1146207 a multiple of 3?
True
Is 29 a factor of 808433?
True
Is 109 a factor of 1242320?
False
Is 13 a factor of 2409412?
False
Does 38 divide 17904299?
False
Does 707 divide 13243118?
False
Does 3 divide 2658?
True
Does 70 divide 722559?
False
Does 152 divide 101536?
True
Does 34 divide 166600?
True
Does 38 divide 205390?
True
Is 18 a factor of 6367338?
True
Is 26 a factor of 832011?
False
Is 733664 a multiple of 22?
False
Is 18 a factor of 135054?
True
Does 854 divide 5207789?
False
Is 218 a factor of 10372876?
True
Is 4344102 a multiple of 42?
True
Is 258 a factor of 369456?
True
Does 3 divide 3751458?
True
Is 141063 a multiple of 14?
False
Is 46 a factor of 1704484?
True
Is 89 a factor of 3500636?
False
Is 12880390 a multiple of 34?
True
Is 25 a factor of 2684525?
True
Is 2 a factor of 16068?
True
Is 176 a factor of 3419152?
True
Does 125 divide 50500?
True
Is 19008 a multiple of 176?
True
Is 50 a factor of 214800?
True
Is 1920028 a multiple of 4?
True
Is 27 a factor of 79623?
True
Does 5 divide 650180?
True
Does 20 divide 148880?
True
Is 34104 a multiple of 56?
True
Is 205 a factor of 1238200?
True
Is 93905 a multiple of 108?
False
Is 152 a factor of 130245?
False
Is 178 a factor of 5740863?
False
Is 236696 a multiple of 103?
False
Is 179 a factor of 188487?
True
Is 57606 a multiple of 6?
True
Is 48 a factor of 540240?
True
Is 1480920 a multiple of 42?
True
Does 2378 divide 11576506?
False
Is 116219 a multiple of 526?
False
Does 54 divide 78624?
True
Is 58 a factor of 172550?
True
Is 7 a factor of 70637?
True
Is 201 a factor of 1095249?
True
Is 21828340 a multiple of 340?
True
Is 194 a factor of 12825?
False
Is 554 a factor of 1799154?
False
Is 120597 a multiple of 355?
False
Is 1088594 a multiple of 281?
True
Is 71328 a multiple of 6?
True
Does 2 divide 60844?
True
Does 89 divide 2958855?
False
Is 904 a factor of 1120960?
True
Does 206 divide 17621446?
True
Is 4654650 a multiple of 910?
True
Does 5 divide 4916892?
False
Is 432732 a multiple of 12?
True
Is 172 a factor of 164260?
True
Is 25 a factor of 140225?
True
Is 77184 a multiple of 128?
True
Does 14 divide 27814459?
False
Does 30 divide 9716520?
True
Is 4 a factor of 392016?
True
Is 110 a factor of 154110?
True
Is 30154 a multiple of 12?
False
Does 72 divide 863064?
True
Is 51 a factor of 261682?
False
Does 14 divide 94430?
True
Is 200222 a multiple of 30?
False
Is 13985 a multiple of 8?
False
Is 3025750 a multiple of 247?
True
Is 3608760 a multiple of 12?
True
Is 41 a factor of 5665149?
False
Does 61 divide 8565498?
True
Does 26 divide 947259?
False
Does 263 divide 153592?
True
Is 20429355 a multiple of 102?
False
Is 3640014 a multiple of 1082?
False
Is 27 a factor of 647433?
True
Is 100 a factor of 571900?
True
Is 48954 a multiple of 123?
True
Is 6 a factor of 151720?
False
Does 195 divide 61815?
True
Does 475 divide 8195281?
False
Is 18 a factor of 31212?
True
Is 1642740 a multiple of 60?
True
Does 30 divide 42090?
True
Is 283 a factor of 1406227?
True
Is 11216814 a multiple of 53?
True
Is 2878165 a multiple of 38?
False
Does 11 divide 2145253?
True
Is 4191665 a multiple of 124?
False
Is 948484 a multiple of 59?
True
Is 166 a factor of 2045291?
False
Does 9 divide 30420?
True
Is 2485 a multiple of 3?
False
Does 33 divide 128663?
False
Is 683952 a multiple of 24?
True
Is 502941 a multiple of 198?
False
Does 145 divide 11228887?
False
Is 327 a factor of 1651174?
False
Does 247 divide 325020?
False
Is 57625 a multiple of 5?
True
Is 398970 a multiple of 341?
True
Is 56157 a multiple of 165?
False
Does 806 divide 9205326?
True
Is 1852188 a multiple of 51?
False
Is 1091872 a multiple of 32?
True
Is 66 a factor of 433290?
True
Does 23 divide 47828?
False
Is 9 a factor of 8105256?
True
Does 4 divide 31249?
False
Is 8 a factor of 17488?
True
Is 4 a factor of 2134447?
False
Is 371 a factor of 289380?
True
Is 29 a factor of 97208?
True
Is 1770 a factor of 6182167?
False
Is 398 a factor of 836506?
False
Does 9 divide 3004517?
False
Is 17 a factor o